 highest common divisor of 207 and 452709.
207
Calculate the greatest common divisor of 8470 and 70.
70
Calculate the highest common divisor of 1304 and 1883954.
326
What is the greatest common factor of 1593 and 54?
27
Calculate the greatest common divisor of 32248 and 1160.
232
What is the greatest common factor of 738 and 1086?
6
Calculate the highest common factor of 6996 and 14946.
318
Calculate the greatest common factor of 411 and 841454.
137
Calculate the greatest common divisor of 14 and 22106.
14
What is the greatest common factor of 1520 and 2375?
95
Calculate the highest common factor of 1032 and 1313865.
129
What is the highest common divisor of 48 and 436368?
48
What is the greatest common divisor of 55 and 135311?
11
Calculate the highest common divisor of 2892 and 404.
4
What is the highest common factor of 183157 and 111033?
949
What is the highest common divisor of 1674 and 7785774?
1674
What is the greatest common factor of 4582 and 7946?
58
What is the highest common factor of 35600 and 3900?
100
What is the greatest common divisor of 480245 and 695?
695
Calculate the greatest common factor of 545 and 126985.
545
Calculate the greatest common divisor of 901 and 7718.
17
Calculate the highest common divisor of 18195972 and 12.
12
What is the highest common factor of 2232 and 52080?
744
Calculate the highest common factor of 40 and 184136.
8
What is the highest common divisor of 41883 and 17603?
607
Calculate the greatest common factor of 1404 and 10062.
234
What is the highest common divisor of 4720 and 37406?
118
What is the greatest common divisor of 2125024 and 2816?
352
Calculate the highest common divisor of 945 and 4113963.
189
Calculate the greatest common factor of 102052 and 217.
31
What is the greatest common factor of 394720 and 2320?
80
What is the highest common factor of 270 and 25002?
54
What is the highest common divisor of 5643 and 6435?
99
Calculate the greatest common divisor of 43193 and 188.
47
Calculate the highest common factor of 320029 and 316.
79
Calculate the greatest common divisor of 116 and 452.
4
Calculate the highest common factor of 2340 and 36530.
130
What is the greatest common divisor of 4653 and 2637?
9
What is the greatest common factor of 42380 and 3120?
260
What is the highest common divisor of 38 and 2246560?
38
Calculate the greatest common factor of 710 and 3956830.
710
Calculate the highest common factor of 6564800 and 8.
8
Calculate the greatest common divisor of 440 and 6644.
44
What is the greatest common factor of 469 and 49647?
67
What is the highest common divisor of 4673784 and 1104?
552
What is the greatest common factor of 126 and 30420?
18
What is the greatest common divisor of 46398 and 198?
66
Calculate the highest common divisor of 48 and 7526256.
48
What is the highest common factor of 18074 and 1498?
14
What is the highest common divisor of 20 and 66576?
4
What is the highest common factor of 173 and 95842?
173
What is the greatest common factor of 342 and 23769?
171
Calculate the highest common divisor of 1963 and 108569.
151
Calculate the highest common divisor of 1229580 and 920.
460
What is the highest common divisor of 6759 and 153?
9
What is the highest common factor of 6699 and 4431?
21
Calculate the highest common factor of 78044 and 86764.
436
Calculate the greatest common divisor of 22461 and 6.
3
Calculate the greatest common divisor of 18 and 5215734.
18
What is the greatest common factor of 218232 and 315?
63
What is the greatest common factor of 625704 and 8352?
696
What is the highest common divisor of 4290 and 998712?
858
What is the greatest common divisor of 80 and 43664?
16
Calculate the highest common divisor of 1818 and 676902.
606
What is the highest common factor of 74862 and 450?
18
What is the greatest common factor of 1220 and 6940?
20
Calculate the highest common divisor of 5356 and 780.
52
Calculate the greatest common factor of 26698 and 70.
14
Calculate the greatest common divisor of 176 and 16.
16
Calculate the highest common factor of 224406 and 104.
26
Calculate the greatest common divisor of 280200 and 1200.
600
Calculate the greatest common divisor of 156 and 341406.
78
What is the highest common factor of 4662783 and 355?
71
What is the highest common factor of 15376 and 3776?
16
What is the greatest common factor of 182749 and 7?
7
Calculate the greatest common divisor of 1360105 and 115.
115
Calculate the greatest common factor of 120 and 1688.
8
Calculate the greatest common divisor of 11249 and 266.
7
What is the greatest common divisor of 638554 and 238?
238
What is the greatest common divisor of 1028 and 7453?
257
Calculate the greatest common factor of 93 and 7815.
3
Calculate the highest common factor of 2266 and 18810.
22
What is the greatest common divisor of 4134 and 702?
78
What is the greatest common factor of 54972 and 666?
18
Calculate the highest common factor of 20724 and 2508.
132
What is the highest common divisor of 1482 and 269971?
247
What is the greatest common factor of 5504 and 18533?
43
What is the greatest common divisor of 1215559 and 337?
337
Calculate the greatest common factor of 158069 and 31.
31
Calculate the greatest common divisor of 5796 and 72.
36
What is the greatest common factor of 8998480 and 5?
5
Calculate the highest common factor of 40131 and 322077.
1029
What is the greatest common divisor of 13475 and 16555?
385
Calculate the greatest common factor of 51259 and 65.
13
Calculate the highest common divisor of 8085 and 363.
33
What is the highest common divisor of 946099 and 21?
7
Calculate the highest common factor of 1382457 and 34.
17
What is the greatest common divisor of 4430 and 130?
10
Calculate the highest common factor of 91732 and 15620.
284
Calculate the highest common divisor of 766284 and 12.
12
What is the greatest common divisor of 777 and 278684?
259
What is the highest common factor of 342 and 528257?
19
Calculate the greatest common factor of 40 and 225360.
40
What is the highest common factor of 1961216 and 32?
32
Calculate the highest common divisor of 27388 and 1670.
334
What is the highest common divisor of 13640 and 121?
11
What is the greatest common factor of 69659 and 41?
41
What is the greatest common factor of 116920 and 185?
185
Calculate the highest common factor of 153 and 107253.
153
What is the greatest common divisor of 4038524 and 483?
161
Calculate the greatest common divisor of 3277 and 14123.
29
Calculate the greatest common divisor of 8760 and 1022.
146
What is the highest common factor of 166072 and 8?
8
What is the greatest common divisor of 66941 and 5621?
511
Calculate the highest common divisor of 37 and 268361.
37
What is the greatest common factor of 1860 and 37665?
465
Calculate the highest common factor of 6 and 1271697.
3
What is the highest common factor of 457 and 188?
1
What is the highest common factor of 7465 and 1?
1
What is the highest common factor of 1278 and 702?
18
Calculate the greatest common divisor of 25 and 2045.
5
Calculate the highest common factor of 36 and 1020.
12
Calculate the greatest common factor of 4544 and 956512.
2272
Calculate the highest common factor of 2159 and 17.
17
Calculate the greatest common factor of 967200 and 100.
100
Calculate the greatest common factor of 6480 and 800.
80
Calculate the highest common divisor of 120 and 12528.
24
Calculate the greatest common divisor of 1475 and 37075.
25
Calculate the highest common factor of 156 and 749541.
39
Calculate the greatest common factor of 4285996 and 22.
22
What is the greatest common factor of 2305352 and 392?
392
Calculate the highest common divisor of 1906005 and 1698.
849
Calculate the highest common divisor of 17 and 558229.
17
What is the greatest common factor of 17792 and 1216?
64
Calculate the greatest common factor of 18557 and 140.
7
What is the highest common divisor of 310 and 1612?
62
Calculate the greatest common factor of 3038 and 44002.
98
Calculate the greatest common factor of 256 and 1837312.
256
Calculate the greatest common factor of 35 and 87605.
35
Calculate the greatest common divisor of 526872 and 2784.
696
What is the greatest common divisor of 24778 and 6?
2
What is the greatest common factor of 3282 and 42?
6
What is the